f 83?
True
Is 1716 even?
True
Is 2 a factor of 53?
False
Is 8 a factor of 3248?
True
Is 16 a factor of 932?
False
Does 8 divide 8405?
False
Is 3 a factor of 1023?
True
Is 50 a factor of 1208?
False
Is 96 a factor of 17292?
False
Does 5 divide 121?
False
Does 29 divide 2204?
True
Does 8 divide 7028?
False
Does 21 divide 4137?
True
Is 2207 a multiple of 29?
False
Does 21 divide 15981?
True
Is 28 a factor of 196?
True
Is 33 a factor of 792?
True
Does 124 divide 9052?
True
Does 14 divide 416?
False
Is 24 a factor of 16450?
False
Is 171 a multiple of 19?
True
Is 328 a multiple of 5?
False
Does 44 divide 1490?
False
Is 10 a factor of 6070?
True
Is 13 a factor of 7437?
False
Does 117 divide 11392?
False
Does 15 divide 16184?
False
Does 6 divide 646?
False
Does 26 divide 312?
True
Does 40 divide 520?
True
Is 10 a factor of 44641?
False
Does 19 divide 756?
False
Is 19682 a multiple of 33?
False
Is 8 a factor of 120?
True
Does 9 divide 9123?
False
Is 3 a factor of 31?
False
Is 10784 a multiple of 118?
False
Does 27 divide 18252?
True
Is 230 a multiple of 7?
False
Is 37 a factor of 11174?
True
Is 6 a factor of 23245?
False
Does 26 divide 4732?
True
Is 348 a multiple of 34?
False
Does 62 divide 2294?
True
Is 40 a factor of 22216?
False
Is 22 a factor of 6754?
True
Is 19968 a multiple of 78?
True
Is 9 a factor of 3888?
True
Is 33 a factor of 1947?
True
Does 9 divide 1359?
True
Does 11 divide 2248?
False
Is 4065 a multiple of 63?
False
Is 44 a factor of 1507?
False
Does 81 divide 4455?
True
Does 22 divide 7370?
True
Does 155 divide 28985?
True
Is 238 a multiple of 34?
True
Is 4983 a multiple of 52?
False
Is 78 a factor of 5204?
False
Is 2481 a multiple of 86?
False
Does 4 divide 6849?
False
Is 17 a factor of 510?
True
Does 11 divide 869?
True
Is 129 a factor of 28380?
True
Is 1122 a multiple of 4?
False
Is 2652 a multiple of 34?
True
Is 2 a factor of 772?
True
Does 6 divide 354?
True
Is 80 a factor of 3376?
False
Is 9 a factor of 4446?
True
Is 25615 a multiple of 229?
False
Does 74 divide 24272?
True
Does 202 divide 13544?
False
Does 2 divide 2225?
False
Is 33 a factor of 957?
True
Is 45 a factor of 2530?
False
Does 36 divide 419?
False
Does 13 divide 377?
True
Is 36 a factor of 2942?
False
Does 2 divide 10?
True
Is 59 a factor of 2124?
True
Does 32 divide 16608?
True
Is 3385 a multiple of 71?
False
Is 2356 a multiple of 19?
True
Does 4 divide 8457?
False
Does 10 divide 45655?
False
Is 74370 a multiple of 37?
True
Does 14 divide 109?
False
Is 12388 a multiple of 19?
True
Does 166 divide 4814?
True
Is 18 a multiple of 3?
True
Is 7570 a multiple of 10?
True
Is 176 a factor of 4961?
False
Is 25 a factor of 473?
False
Is 5 a factor of 4267?
False
Does 187 divide 2057?
True
Does 98 divide 6174?
True
Does 64 divide 30828?
False
Is 10 a factor of 183?
False
Does 59 divide 443?
False
Is 130 a factor of 2595?
False
Is 984 a multiple of 14?
False
Does 19 divide 16021?
False
Is 1121 a multiple of 16?
False
Does 14 divide 12910?
False
Does 26 divide 466?
False
Is 879 a multiple of 3?
True
Is 3638 a multiple of 107?
True
Is 8201 a multiple of 139?
True
Is 41 a factor of 29479?
True
Does 28 divide 1555?
False
Is 3334 a multiple of 2?
True
Is 3379 a multiple of 32?
False
Does 51 divide 17544?
True
Is 214 a multiple of 14?
False
Is 49 a factor of 668?
False
Does 15 divide 101850?
True
Does 45 divide 540?
True
Does 15 divide 90798?
False
Is 186 a factor of 44852?
False
Does 13 divide 906?
False
Does 22 divide 3520?
True
Is 6604 a multiple of 61?
False
Is 2134 a multiple of 99?
False
Is 21 a factor of 3402?
True
Is 23 a factor of 22174?
False
Is 21 a factor of 1120?
False
Does 10 divide 35081?
False
Is 1806 a multiple of 42?
True
Does 14 divide 2146?
False
Is 6180 a multiple of 11?
False
Is 15180 a multiple of 55?
True
Is 844 a multiple of 33?
False
Is 7 a factor of 700?
True
Does 2 divide 90?
True
Does 30 divide 2341?
False
Does 116 divide 5323?
False
Is 13279 a multiple of 23?
False
Is 307 a multiple of 13?
False
Does 32 divide 111?
False
Is 697 a multiple of 41?
True
Does 15 divide 38100?
True
Does 4 divide 6647?
False
Is 49 a factor of 10339?
True
Is 10192 a multiple of 88?
False
Does 35 divide 1225?
True
Does 173 divide 39790?
True
Does 14 divide 176722?
True
Does 6 divide 310?
False
Is 84 a factor of 1295?
False
Is 192 a multiple of 4?
True
Is 13 a factor of 2197?
True
Is 29 a factor of 1392?
True
Is 8007 a multiple of 51?
True
Does 50 divide 1538?
False
Is 77652 a multiple of 23?
False
Is 914 a multiple of 23?
False
Is 15 a factor of 12579?
False
Is 57 a factor of 97?
False
Is 59484 a multiple of 305?
False
Is 1454 a multiple of 78?
False
Is 4483 a multiple of 93?
False
Does 229 divide 22589?
False
Is 101 a factor of 44428?
False
Is 81263 a multiple of 247?
True
Is 16178 a multiple of 11?
False
Does 76 divide 30171?
False
Is 3045 a multiple of 5?
True
Is 11 a factor of 187?
True
Is 8 a factor of 14920?
True
Is 32 a factor of 118?
False
Is 43 a factor of 2193?
True
Is 2148 a multiple of 12?
True
Is 320 a multiple of 28?
False
Does 5 divide 32?
False
Is 16 a factor of 4072?
False
Does 4 divide 833?
False
Is 8 a factor of 12920?
True
Is 17 a factor of 6630?
True
Does 9 divide 630?
True
Does 28 divide 1204?
True
Is 965 a multiple of 22?
False
Is 47 a factor of 298?
False
Is 576 a multiple of 16?
True
Is 412 a factor of 39597?
False
Does 2 divide 151?
False
Is 18 a factor of 1215?
False
Does 17 divide 5610?
True
Is 66 a factor of 7890?
False
Is 484 a multiple of 44?
True
Is 27 a factor of 1183?
False
Is 650 a multiple of 65?
True
Does 73 divide 3756?
False
Is 324 a multiple of 6?
True
Is 34 a factor of 18981?
False
Is 10 a factor of 27195?
False
Does 28 divide 2528?
False
Does 111 divide 11877?
True
Is 3345 a multiple of 28?
False
Is 277 a multiple of 4?
False
Does 35 divide 1610?
True
Is 171 a factor of 179?
False
Does 17 divide 19754?
True
Does 80 divide 80?
True
Is 17640 a multiple of 105?
True
Is 61 a factor of 682?
False
Is 6977 a multiple of 25?
False
Is 2 a factor of 131?
False
Is 3033 a multiple of 11?
False
Is 611 a multiple of 47?
True
Does 23 divide 151105?
False
Is 416 a multiple of 26?
True
Does 2 divide 1991?
False
Is 432 a multiple of 53?
False
Is 12484 a multiple of 96?
False
Is 10395 a multiple of 187?
False
Is 3 a factor of 120?
True
Is 18 a factor of 2124?
True
Is 14 a factor of 420?
True
Is 4913 a multiple of 31?
False
Does 12 divide 960?
True
Is 243 a multiple of 13?
False
Is 83559 a multiple of 95?
False
Does 9 divide 144?
True
Is 7 a factor of 788?
False
Is 840 a multiple of 40?
True
Does 127 divide 23241?
True
Is 132 a multiple of 3?
True
Does 42 divide 8610?
True
Is 14 a factor of 209?
False
Is 11 a factor of 11906?
False
Is 100 a factor of 1216?
False
Is 14 a factor of 6693?
False
Is 997 a multiple of 65?
False
Is 1678 a multiple of 28?
False
Does 4 divide 173?
False
Is 43 a factor of 903?
True
Is 62 a multiple of 62?
True
Is 12 a factor of 1740?
True
Does 18 divide 126?
True
Does 46 divide 1196?
True
Does 6 divide 739?
False
Is 17 a factor of 833?
True
Is 36 a factor of 1188?
True
Is 2521 a multiple of 17?
False
Is 6 a factor of 600?
True
Does 7 divide 2069?
False
Is 24 a multiple of 12?
True
Is 59 a factor of 826?
True
Does 184 divide 9384?
True
Is 15569 a multiple of 4?
False
Is 5436 a multiple of 151?
True
Does 2 divide 1378?
True
Is 9 a factor of 1692?
True
Is 34409 a multiple of 159?
False
Does 98 divide 5782?
True
Is 83 a factor of 2490?
True
Is 146 a factor of 24289?
False
Does 77 divide 5034?
False
Does 12 divide 458?
False
Does 39 divide 2887?
False
Does 61 divide 82467?
False
Does 46 divide 460?
True
Is 3 a factor of 981?
True
Is 4706 a multiple of 90?
False
Is 28 a factor of 61432?
True
Does 10 divide 210?
True
Does 126 divide 31272?
False
Is 20 a factor of 120?
True
Does 16 divide 720?
True
Does 106 divide 32592?
False
Does 63 divide 587?
False
Is 8 a factor of 1160?
True
Does 79 divide 7469?
False
Is 672 a multiple of 6?
True
Is 14 a multiple of 3?
False
Is 99677 a multiple of 13?
False
Is 6 a factor of 7417?
False
Is 2442 a multiple of 74?
True
Is 38 a factor of 2430?
False
Is 1224 a multiple of 34?
True
Is 5987 a multiple of 6?
False
Does 45 divide 1884?
False
Is 83 a factor of 166?
True
Is 6692 a multiple of 7?
True
Does 4 di